2, 3
List the prime factors of 44/(-374) - (-122304)/51.
2, 11, 109
What are the prime factors of (-269)/(4/8*-1)?
2, 269
Let g = -240 + 731. What are the prime factors of g?
491
Suppose 1 = -4*d + 5*m, 0 = -d + 3*m - 6 - 3. Suppose 0 = g - 3, -k + 120 = -d*g + g. What are the prime factors of k?
3, 5
Suppose -2 = -j - 0. Suppose -155 = j*u - 5*s, -u - s = -0*s + 67. Let a = -40 - u. List the prime factors of a.
2, 3, 5
Let f(m) be the third derivative of 55*m**4/12 + m**3/6 + 9*m**2. What are the prime factors of f(1)?
3, 37
Let m = -5226 + 9041. List the prime factors of m.
5, 7, 109
Suppose 0 = 5*v - 243 + 58. Suppose 2*q + 5*p - v = 10, 2*q = -2*p + 32. Suppose -i = -0*i - q. What are the prime factors of i?
11
Suppose -10*k + 7 = -3*k. Let n(x) = x + 0*x**2 - x**2 + 0*x - 69*x**3 + k. List the prime factors of n(-1).
2, 17
Suppose 25 = -5*w + 5*u, w - 5*u = -9 - 16. Suppose -5*t - 280 = 4*z - 780, -5*t - 2*z + 500 = w. List the prime factors of t.
2, 5
Let c = -30 - -34. Suppose -n + y - 6*y = -109, -c*y + 382 = 3*n. What are the prime factors of n?
2, 67
Suppose -j = -4*b + b - 290, 0 = 2*j - b - 600. List the prime factors of j.
2, 151
Suppose j + 3*o - 13 = 0, -2*j + 4*o = -j + 1. Suppose -4*k + 15 - j = 0. Suppose -k*i = 31 - 135. List the prime factors of i.
2, 13
Suppose 5*r + 2*p = 12716 + 1339, -11231 = -4*r + p. List the prime factors of r.
53
Suppose -12*f + 1777 = -8183. List the prime factors of f.
2, 5, 83
Let w = 403 + -658. Let s = -132 - w. List the prime factors of s.
3, 41
Suppose -4*w + 4*p = 8, 0 = 5*w - 3*p + 3 - 1. Suppose -7*y + 2*y = 2*i - 612, 0 = w*y - 2*i - 256. What are the prime factors of y?
2, 31
Let g = 251 - 208. What are the prime factors of g?
43
Let x(w) = -w**3 + w**2 + 48*w + 18. List the prime factors of x(-13).
2, 5, 11
Suppose 10*k - 9*k = -r + 320, 15 = -5*k. List the prime factors of r.
17, 19
Let q(l) = -73*l - 4. Let p = 20 + -23. Let b be q(p). List the prime factors of b/25 + (-4)/(-10).
3
Suppose -1934 - 1471 = -4*i + 3*f, -4*f + 3440 = 4*i. What are the prime factors of i?
3, 5, 19
Let z(l) = 10. Let w(v) = -v + 11. Let t(x) = 3*w(x) - 4*z(x). Let u be t(-4). Suppose -3*k = h + k - 11, 11 = u*h - 2*k. What are the prime factors of h?
3
Let g(i) = -i**3 - i**2 + 3*i + 2. Let h be g(-2). Suppose 3*l + l = h. Suppose l = -3*a + 88 - 34. What are the prime factors of a?
2, 3
Let s = 2290 - 871. What are the prime factors of s?
3, 11, 43
List the prime factors of (1430/15 + -3 - 3)*6.
2, 67
Let x(y) = 4*y - 3*y**2 - 3*y**2 + 4 + 5*y**2 - 3. Let a = 6 - 3. What are the prime factors of x(a)?
2
Suppose -27*d - 80388 = -63*d. What are the prime factors of d?
7, 11, 29
Let g be 1/(-4) + 541*(-1)/(-4). Suppose 5*u - g = -30. What are the prime factors of u?
3, 7
Let o be 10*(-6)/(24/(-22)). Let t = 111 - o. List the prime factors of t.
2, 7
What are the prime factors of 21/(-35) - 2336/(-10)?
233
What are the prime factors of 7805/(-28)*-4 + 2?
1117
Let h = -7 + 6. Let b be (-1*(-2 - -2))/h. Suppose -2*g + 2*o + 48 = -2*o, b = -5*o - 25. What are the prime factors of g?
2, 7
Let q be 444/(-16) + 2/(-8). What are the prime factors of q/(1*(-4)/8)?
2, 7
Suppose -4*i = 7*i - 1804. Let g = i - 38. What are the prime factors of g?
2, 3, 7
Let d(r) = r**2 - 5*r + 2. Let a be d(2). Let b(x) = -2*x**3 - 3*x**2 + 6*x + 4. What are the prime factors of b(a)?
2, 3, 5
Let l be -5*((-12)/(-3))/(-4). Suppose -l = 3*n - 11. Suppose n*p = -4*m + 44, -24 = -3*m - 4*p + 19. What are the prime factors of m?
3
List the prime factors of 146 - 5/10*-12.
2, 19
Let j(d) = 2*d + 2 + 4 + 15 + 18. What are the prime factors of j(-18)?
3
Let z be -4 + (-4 - -13) + -4. List the prime factors of 4 + (55 - (3 - z)).
3, 19
Let t be 28*(-5)/(-10) - (1 - 1). Suppose -4*w - 92 = 5*y - 32, 3*w = 3*y - 18. Let q = t + w. List the prime factors of q.
2
Let b(j) = -4*j - 19. Let y be b(-8). Suppose 9*n = y*n - 508. What are the prime factors of n?
127
Suppose 2*l + 7 = -3. What are the prime factors of (3/15 - 14/l) + 119?
2, 61
Let o(c) = 1 - 10*c + 4 - 7*c - 14. What are the prime factors of o(-7)?
2, 5, 11
Let u(v) = -v**2 - 3*v + 1. Let m(r) = -r + 2*r + 0 - 3 + r**2 + 4. Let p(a) = m(a) - u(a). What are the prime factors of p(3)?
2, 3, 5
Let c = -3 - -4. Let i(q) = 8*q**2 + 8*q**2 + c - 7*q**2. What are the prime factors of i(1)?
2, 5
Let g(f) = 26*f**2 - 9*f. List the prime factors of g(5).
5, 11
Let q = -129 - -127. What are the prime factors of 112*1 - 10/(q - 3)?
2, 3, 19
Let y = -2051 - -3449. List the prime factors of y.
2, 3, 233
Suppose -1376 = -5*k - 201. Suppose k = 3*z - 86. List the prime factors of z.
107
Suppose 0*a - a + 2 = 0. Suppose -2*c = -0*m + 5*m - 63, -a*c - 3*m = -69. Suppose -d - 8 = -c. List the prime factors of d.
31
Suppose 5*y = 2*b + 23635, -190*y + 188*y - b = -9445. What are the prime factors of y?
3, 5, 7
Suppose -7 - 13 = 4*k. Let f(t) = 2*t + 10. Let d be f(k). What are the prime factors of 9 - (4 + d - 1)?
2, 3
Let p = -4722 - -6623. What are the prime factors of p?
1901
Let q(s) = 2*s**2 - 2*s - 2. Let w be q(2). Suppose 0 = -4*o - 5*d + 1193, w*d = -2*d + 4. What are the prime factors of o?
3, 11
Suppose r - 3 - 1 = 0. Suppose 7*j = r*j + 429. Suppose -3*c + 2*g = -j, -4*c + 99 = 3*g - 120. List the prime factors of c.
3, 17
Suppose -4*f + 3306 = 1178. List the prime factors of f.
2, 7, 19
Suppose 32*z - 17072 = 10*z. What are the prime factors of z?
2, 97
Let z be ((-4 - 0) + 4)/1. Suppose z = -0*d + 4*d - 300. What are the prime factors of d?
3, 5
What are the prime factors of (-7)/(-7) - (1 + (-524 - 2))?
2, 263
Suppose -2*l = -4*f + 42, -4*f = 5*l - 12 - 9. Let u be 2 - 3/f*-3. Suppose w - 57 = -2*x - u*x, -3*w - x + 129 = 0. What are the prime factors of w?
2, 3, 7
Suppose -a = -0*a + 45. Let z be 2/9 - (-100)/a. List the prime factors of z/7 + (-4824)/(-126).
2, 19
Suppose 31 = 2*h + 5*m, 0*m - 2*m + 7 = -h. Suppose j + 2*j - 285 = -h*q, 0 = -q - 4. List the prime factors of j.
3, 11
Let m = -85 + 599. Suppose g - 96 - 10 = -z, -m = -5*g - z. What are the prime factors of g?
2, 3, 17
Let y be 4/8*0/(-1). List the prime factors of (-24)/(-2) - (y + (3 - 0)).
3
Let r(i) = 2*i**3 - 5*i**2 - 10*i + 12. Let y be r(6). Suppose -3*n + 7*n = y. List the prime factors of n.
3, 17
Suppose -u - 6*u = -35. Suppose 5*z + 36 = -2*a - 0*z, 0 = -u*a + z - 36. Let x(b) = -8*b + 17. What are the prime factors of x(a)?
3
Suppose -3*d + 4*r = 6*r - 104, 5*d - 2*r - 168 = 0. Let o be 3/(21/(-49)) - -21. Let k = d - o. What are the prime factors of k?
2, 5
Let y = -6 - -6. Suppose 7 + 13 = 4*u. Suppose 0*g - u*g + 80 = y. List the prime factors of g.
2
Suppose 768 = 2*a - u, 0*u - 402 = -a - 4*u. Suppose -3*b - b + 5*d = -365, 0 = 4*b + 2*d - a. What are the prime factors of b?
5, 19
Let s = 13 - 10. Let x be (2/(-5))/(s/(-15)). Suppose -3*n = 2*o - 11, n - x = 4*o - 59. List the prime factors of o.
13
Let p(c) = -c**3 - c**2 - 6*c - 3. Let v be p(-3). Suppose 6*u - 225 + v = 0. List the prime factors of u.
2
Let v be (1 - 2/(-4))/(18/84). Suppose 0 = 2*t - v*t + 75. List the prime factors of t.
3, 5
Let x = -127 - -509. What are the prime factors of x?
2, 191
Let i = 3 + 1. Suppose 2*d + i*u - 49 = 13, 3*d - 2*u - 69 = 0. What are the prime factors of d?
5
Let k = -770 - -1205. What are the prime factors of k?
3, 5, 29
Let c(b) = -4*b**2 + 4*b - 7. Let g(a) = 13*a**2 - 11*a + 22. Let w(x) = -7*c(x) - 2*g(x). What are the prime factors of w(-4)?
61
Let u = -53 + 133. Suppose -5*m + 14 - 51 = -2*c, -4*c + 4*m = -u. Suppose -c = -5*s + 2*t + 129, -53 = -s + 5*t. What are the prime factors of s?
2, 7
Let i = 2 + -6. Let v = 28 - i. What are the prime factors of v?
2
Let g(r) = -r**2 - 5*r + 10. Let u(k) = 2*k + 4. Let d be u(-5). What are the prime factors of g(d)?
2
Suppose 10318 = 7*j - 15603. What are the prime factors of j?
7, 23
Suppose -31*c + 6890 = -18*c. List the prime factors of c.
2, 5, 53
Suppose -5*k - 5 = 0, 5*o - 4*k + k - 28 = 0. Suppose -4*j = -8, -h + 3*j + j = o. What are the prime factors of h?
3
Let c = 12 + -8. Suppose 0*x = c*x - 12. Suppose x*a = 2*t - 2, -t + 2*a + 19 = 5*a. List the prime factors of t.
7
Let y = 133 + 1349. List the prime factors of y.
2, 3, 13, 19
Let p = 933 + -431.